+ 569, -2*w - 2*p + 366 = 0. List the prime factors of w.
11, 17
Suppose 5*q = -x - 2*x + 323, -2*x = -2. Suppose 3 = -h + q. Suppose -2*l = 13 - h. List the prime factors of l.
2, 3
List the prime factors of (5*13/(-4))/((-14)/168).
3, 5, 13
Let l(j) = j - 1. Let z be l(10). Let v(i) = -z*i - 9 + 17 - 7 + i**2. What are the prime factors of v(12)?
37
Suppose -28*u + 23*u - 1575 = 0. Let a = -210 - u. What are the prime factors of a?
3, 5, 7
Suppose 0 = -3*t - 5*y + 167, 2*t - 5*y - 176 = -2*t. Suppose t = m + 4. List the prime factors of m.
3, 5
Let o be (8/(-4))/(-1) + -2. Suppose g - 3*g + 196 = o. List the prime factors of g.
2, 7
Let t = 21 + -26. Let k(j) = -4*j**3 - 10*j**2 - 4*j - 10. List the prime factors of k(t).
2, 5, 13
Suppose 0 = 14*x - 494 - 612. Let a = -12 + 48. Let k = x - a. What are the prime factors of k?
43
Suppose -4*g + 5*f + 3 = 0, -4*g - f = -2*f - 7. Suppose d + 5 = 2*p + p, p - 4 = -g*d. Let h(r) = 54*r**3 + r - 1. What are the prime factors of h(d)?
2, 3
Let g(c) = -c + 2. Let r be g(-1). Suppose 6 + 12 = 3*i. Suppose i = r*n - 48. What are the prime factors of n?
2, 3
Let x be -20*(18/4 - 4). Suppose 3*r + 5*k = 439, -r - 3*r + 567 = 3*k. What are the prime factors of (-2)/x + r/10?
2, 7
Let g(m) = -2*m**2 - 7. Let u be g(-3). Let i = u - -30. Suppose -i*j + 68 = -j. What are the prime factors of j?
17
Let a = -235 - -692. What are the prime factors of a?
457
Let u(h) = 30*h - 9. Let a be u(3). Suppose 3*k - 84 = a. List the prime factors of k.
5, 11
Suppose 17*f = 21*f - 60. Let t be (-34)/30 + 2/f. List the prime factors of -7*(3 + -3 + t).
7
Let k = -4 - -7. Suppose r - 54 = -k*h, -2*r - 7 = -1. List the prime factors of h.
19
Let r(b) = 12*b**3 + 2*b**2. Let h be r(2). Let l = -61 + h. What are the prime factors of l?
43
Suppose b = 4*b. Suppose -3 = -c - b. Suppose c*q - 39 = 24. List the prime factors of q.
3, 7
Let o(a) = a**3 - 5*a**2 - 16*a + 15. Let p be o(6). Let h = 48 + p. List the prime factors of h.
3
Let h be -2*(-7)/((-28)/(-6)). Suppose -22 = -h*r + a, -r - a = 2*a - 4. Suppose -3*p + 19 = r, -4*p = 4*v - 172. What are the prime factors of v?
3, 13
Let j = -102 - -173. What are the prime factors of j?
71
Let y = -579 - -1234. List the prime factors of y.
5, 131
Suppose 264*i = 268*i - 872. List the prime factors of i.
2, 109
Suppose -a - 5*x + 2 + 13 = 0, 5*a + 5*x = -25. Let j be (-132)/15*a/4. Suppose 5*s = -5*v + 60, 3*s - s + 3*v - j = 0. List the prime factors of s.
2, 7
Let q be 0 + (8/6 - 4/(-6)). Suppose 23 = -i + 5*m + 153, 4*i = -q*m + 432. What are the prime factors of i?
2, 5, 11
Let y be 84/(-15) - 6/15. Let z be 3/y + 5/2. Suppose 5*o = z*h + 119, o = 5*o + 4*h - 84. What are the prime factors of o?
23
Suppose 0 = 2*a - 3*a + 17. Let j = a - 2. List the prime factors of (12/j)/((-4)/(-50)).
2, 5
Let o(j) = j + 2. Let y be o(-5). List the prime factors of (-2)/y + 994/21.
2, 3
Let c = 947 - -244. List the prime factors of c.
3, 397
Let g be 1 - (-2 + 25 + -2). Let m = -12 - g. Suppose 0 = -6*a + m*a - 140. What are the prime factors of a?
2, 5, 7
Let b be -1 - ((-7050)/66 - 4/22). Let j = b + -46. What are the prime factors of j?
2, 3, 5
Let u(z) = 5*z - 14. Let n be u(6). Suppose -3*a + n = 4. Suppose 3*b - a*k - 155 = 0, 0 = b - 2*b - 2*k + 55. List the prime factors of b.
53
Suppose -5*k - 1935 + 28914 = 4*z, -z + 16193 = 3*k. What are the prime factors of k?
5399
Suppose 2*s - 1295 = -3*j, -637 = -s + 6*j - 4*j. List the prime factors of s.
643
Suppose 3*q = 5*q - 4*l - 1846, 0 = 2*l. List the prime factors of q.
13, 71
Let s = -1633 - -2966. What are the prime factors of s?
31, 43
Let p = -81 + 86. Suppose -p*n + 1360 = -o, 5*n + 3*o - 34 - 1346 = 0. What are the prime factors of n?
3, 7, 13
Suppose -3*k + 4*k - 87 = 0. Let m be 1 + (-9*5 - 2). Let h = k + m. List the prime factors of h.
41
Let g(k) = 376*k**2 - 8*k - 13. What are the prime factors of g(-2)?
11, 137
Suppose -1629 = 4*w + m - 210, -2*m = 5*w + 1776. Let u = -226 - w. What are the prime factors of u?
2
Let n(f) be the second derivative of f**3/6 + 5*f. Let h be n(-2). What are the prime factors of (-682)/33*6/h?
2, 31
Let w(v) = 10*v + 7. Let d be 16/(-6)*(-30)/20. List the prime factors of w(d).
47
Suppose 2*c - 44 = 34. Suppose 0 = 4*t - 21 - c. What are the prime factors of (-155)/2*(-12)/t?
2, 31
Let b(t) = -t**3 + 10*t**2 - 9*t - 2. Let k be b(7). Let o = k - 7. What are the prime factors of o?
3, 5
Suppose 20 = x + 4*x. Suppose -i = -l + 43, -260 = -5*l - x*i - 0. What are the prime factors of l?
2, 3
Let n = -54 - -55. List the prime factors of 13*(n - -1) - -2.
2, 7
Let c be 6*((-40)/(-15))/4. Suppose -r = -22 + c. What are the prime factors of r?
2, 3
Let t be 5490/(-50) + 2/(-10). Let z be ((-1)/2)/((-5)/t). What are the prime factors of -3 + (-3 - z*5)?
7
Suppose 15*y - 54*y + 87789 = 0. List the prime factors of y.
2251
Suppose -i - 82 = l + 3*l, -l - 2*i = 24. List the prime factors of (-205)/l + ((-52)/16 - -3).
2, 5
Suppose -57 = -c + 50. What are the prime factors of c?
107
Let d = 28 + -14. Suppose 7*p + d = 9*p. List the prime factors of p.
7
Suppose -30*i + 37*i - 1288 = 0. List the prime factors of i.
2, 23
What are the prime factors of 3/((-11)/((-1958)/3))?
2, 89
Let u be 2/5 + (-4938)/(-30). Suppose -95 = -4*d + u. What are the prime factors of d?
5, 13
Let w(a) = -4*a + 11*a + 10 + a**2 - 6*a. List the prime factors of w(-6).
2, 5
Suppose -291 = -4*h - 11. Suppose h = -0*i + 5*i. What are the prime factors of i?
2, 7
Let x(n) = 9*n**2 - 2*n - 36. List the prime factors of x(15).
3, 653
Let n = 278 - 450. Let l = n - -244. Suppose -3*j = -0*j - l. What are the prime factors of j?
2, 3
Let t(m) = 4*m + 9. Let n be t(0). Suppose 14*p - n*p - 355 = 0. List the prime factors of p.
71
Let b be -9 - (4 - (1 - (-2 - -1))). Let v(i) = i**2 + 6*i - 3. List the prime factors of v(b).
2, 13
What are the prime factors of (-5)/10*((-904 - 4) + 0)?
2, 227
Suppose -w + 4 = -0*w. Suppose -w*n = 11 + 9. What are the prime factors of (-2)/n - 133/(-5)?
3
Suppose 5130 + 2708 = 2*m + 2*z, 0 = -5*m + 3*z + 19619. What are the prime factors of m?
2, 37, 53
Suppose -2*b = -y + 2, 3*b = -3*y - 5 + 2. Suppose -6*z = m - 3*z - 10, y = 4*m + z - 51. Let s = m - 7. List the prime factors of s.
2, 3
Let a be 66/(-8) - (-3)/12. Let h(r) = -2*r - 14. Let w be h(a). Suppose 0 = -n - 3*s + 38, -n + 2*s + 136 = w*n. What are the prime factors of n?
2, 11
Let n(l) = l**2 - 21*l + 14. Let w be n(18). Suppose 4*d - j - 284 = 0, 3*d + 52 = 4*d - 5*j. Let t = d + w. List the prime factors of t.
2
Let g = -19 + 30. Let r be g/55 - (-1518)/10. Suppose r = 3*c + 38. What are the prime factors of c?
2, 19
Let z(l) = 3 - 2 - l**3 + 5*l**2 - 2*l + 3*l. Let i be z(5). Suppose 8*a = i*a + 76. List the prime factors of a.
2, 19
List the prime factors of (-5)/((-10)/2034) - (11 + -9).
5, 7, 29
Let z(t) = 9*t**2 - 36*t + 309. List the prime factors of z(17).
2, 3, 383
Let r(l) = l**3 - 7*l**2 - 2*l + 19. Suppose 0 = 5*i - 5*d - 40, -9 - 5 = -2*i + 4*d. List the prime factors of r(i).
163
Suppose -54 = -4*z + 34. Let g be (2 + (-10)/4)*2. Let b = g + z. What are the prime factors of b?
3, 7
Let o be 3/((-12)/(-8))*-4. Let r(n) = n**2 + n - 9. What are the prime factors of r(o)?
47
Let a be ((-105)/14)/((-1)/(-2)). Let u(s) = s**3 + 15*s**2 - 3*s + 11. What are the prime factors of u(a)?
2, 7
Let y = -12 + 12. Suppose y = -16*d + 11*d + 75. What are the prime factors of d?
3, 5
Let b(z) = -5*z**3 - 2*z**2 - 4*z + 8. What are the prime factors of b(-4)?
2, 3, 13
Suppose 14*y - 7*y - 84 = 0. Let i(k) = -3*k**3 + 2*k**2 + k - 2. Let s be i(2). What are the prime factors of (-4)/y + s/(-3)?
5
Let b be (-1 - -1) + (55 - -10). Suppose 3*i - 100 = u, -u - b = -2*i - 2*u. Suppose 3*v - 33 - i = 0. What are the prime factors of v?
2, 11
Let l(i) be the third derivative of -i**4/24 + 11*i**3/2 + 4*i**2. Suppose 16 = 4*n + 4*z, 12 = 2*z + z. List the prime factors of l(n).
3, 11
Let m be 3 - (-5 + 3 + 1). Let z be 80/(-14) - m/14. What are the prime factors of 47 - (1 + z + 2)?
2, 5
Let a = 20 - 16. Suppose 0 = 8*p - a*p + 24. List the prime factors of 9 + p + 1 + 1.
5
Let r(w) = -4*w - 28. Suppose -2*y + 4*y - 64 = 5*h, 0 = -4*h - 5*y - 38. What 